he prime factors of 0 + (1 - (-6)/r).
3
List the prime factors of 1 - -17 - (-2 - 1).
3, 7
Let n = 7 + -4. Suppose 0 = -3*s - 6, -2*s = -4*q - n*s + 34. What are the prime factors of q?
3
Let z = -1 + 5. Suppose -2*w - 69 = 4*i - 313, -5*w = -3*i + 157. Suppose 0 = -3*d - 5*l + 43, 0 = z*d + 2*l + 3*l - i. List the prime factors of d.
2
Let u be 3/4 - (-2166)/24. Let i = -53 + u. List the prime factors of i.
2, 19
Let j be (-4)/(6 + -3 - 1). Let d(c) = 2*c**2 + 3*c. Let s be d(j). Suppose -5*q = -25, -q = -s*i + 16 + 19. List the prime factors of i.
2, 5
Let v = -3 - -9. Suppose 2*s + 0 + v = 0, 3*c + 4*s = 147. List the prime factors of c.
53
Let p(y) be the third derivative of y**5/15 - y**4/12 - y**3/2 - 2*y**2. What are the prime factors of p(-2)?
17
Let m(o) = -o**2 + 7*o + 1. Suppose 0 = 5*v + 36 - 231. Suppose 15 = -4*a + v. List the prime factors of m(a).
7
Let g(q) = q**2 - q - 4. Let t be g(3). Suppose -t*o = -13 - 7. What are the prime factors of o?
2, 5
Let s(k) = -2*k - 4. Let n(y) = -y**2 - y - 1. Let q(f) = -2*n(f) + s(f). What are the prime factors of q(4)?
2, 3, 5
Suppose -83*g - 265 = -88*g. List the prime factors of g.
53
Let s be 0 + 3 + -2*22. Let i = s - -74. List the prime factors of i*(12/(-9))/(-2).
2, 11
What are the prime factors of (48/120)/(2/410)?
2, 41
Suppose 176 = 5*b + 1. List the prime factors of b.
5, 7
Let w(j) = -j**3 - 8*j**2. Let o be w(-8). Suppose o = -5*u + 11 + 4. Suppose -2*c - u*c + 75 = 0. List the prime factors of c.
3, 5
Suppose 13 = 5*p + l, -26 + 10 = -4*p + 2*l. Let r be p + (2 - 5 - -2). Suppose -3*k + 4*i = 2*k - 31, 0 = 3*k - r*i - 19. List the prime factors of k.
7
Let q(o) = -12*o + 42. List the prime factors of q(-20).
2, 3, 47
Let r(j) be the third derivative of -j**4/24 - j**3/2 + 5*j**2. What are the prime factors of r(-6)?
3
Let t(d) = 51*d - 2. List the prime factors of t(2).
2, 5
Let m(l) = -l**3 + 8*l**2 - 6*l - 6. Let q be m(7). Suppose 4*z - 3*u = z + 9, u + 6 = 4*z. What are the prime factors of (z/1)/(q/3)?
3
Let s(j) = -3*j - 6. Let c(l) = -3*l - 5. Let r(t) = 5*c(t) - 4*s(t). Let g be r(-8). Let d = g + -2. What are the prime factors of d?
3, 7
Suppose 0 = 5*q - 4*q. Let u = q + 3. Suppose -2*p + u = -3. What are the prime factors of p?
3
Suppose 2*d - 3*l = -9, -2*d + 2 = -5*l + 21. Suppose y = -2*y - d. List the prime factors of -1 + (-18)/(3*y).
5
Let l = 3 - 0. Let p(x) = -x**3 + 4*x**2 - 2*x + 4. Let d be p(l). Suppose d*k - 20 = 2*k. List the prime factors of k.
2
Suppose -d - 108 = -2*d. Suppose d = 3*c + 4*k - 2*k, 5*k = -5*c + 175. List the prime factors of c.
2, 19
Suppose 3*r + 5 = 14. List the prime factors of 4 - (0 + r/3).
3
Let t = -21 + 46. What are the prime factors of t?
5
Let f = -9 - -2. Let n(g) = g**2 + 4*g - 2. What are the prime factors of n(f)?
19
Suppose 2*x - 8 = -5*y, y - 16 = -3*x - x. Let d = 130 + -86. Suppose -2*b - 13 = -5*z, -z + d = x*b + 3*z. List the prime factors of b.
2, 3
Suppose -l + 2*l - 3*d - 11 = 0, 0 = 3*l + 5*d + 37. Let g = l + 7. Suppose b = 7 - g. List the prime factors of b.
2
Suppose 0 = -3*h + 2*h + 8. Let s(g) = -g**2 + 9*g - 4. Let a be s(h). Suppose -33 = -a*n + 23. What are the prime factors of n?
2, 7
Let m be 9/(-6 - -3) + 3. Let d = 13 + m. List the prime factors of d.
13
Let h(n) = 3*n - 7. Let w be 27/5 + 2/(-5). List the prime factors of h(w).
2
Suppose -6 = -2*t - 2*t - 3*m, -t + 7 = -2*m. Let u(n) = n**2 + 2*n - 4. List the prime factors of u(t).
11
Suppose -2*k - 9 = k. List the prime factors of -23*-1*(4 + k).
23
Let o = 10 - 2. Suppose o = -3*s + 29. List the prime factors of s.
7
Let f = -17 - -8. Let q = f - -38. List the prime factors of q.
29
Suppose 0 = 3*m - 2 - 1. Let i be (-3)/(m + 19/(-16)). What are the prime factors of -22*(-2)/i*4?
11
Let g(x) = -9*x. What are the prime factors of g(-1)?
3
Suppose -4*s - s = -360. Suppose 0 = -m + 3*m + 2*b - 56, -3*m + b = -s. List the prime factors of m.
5
Suppose -2*q = -5*o + 4*o - 14, o = q - 10. Let p = -4 - o. Let v = p + 0. List the prime factors of v.
2
Let y(r) = -r. Let f(p) = 3*p + 11. Let b(w) = f(w) + 4*y(w). What are the prime factors of b(9)?
2
Let a(o) = o + 7. Let y be a(-6). What are the prime factors of (-105)/(-6) - y/(-2)?
2, 3
What are the prime factors of 2093/26*(-4)/(-7)?
2, 23
Let n = -1 + 3. Let h = n - 0. Let z = h + 8. List the prime factors of z.
2, 5
Let a(s) = s**3 + 6*s**2 - 3*s - 7. Let r(w) = -w**3 - 5*w**2 + 2*w + 4. Let b be r(-5). What are the prime factors of a(b)?
11
Let q(r) = r - 5. Let v be q(6). Suppose -4 + v = -3*u. What are the prime factors of 6 - (1 - 3)/u?
2
Let i(v) = -v**3 - 8*v**2 - 6*v + 29. What are the prime factors of i(-7)?
2, 11
Let b(c) = -4*c. Let u = -1 + 8. Let w be b(u). Let o = -17 - w. What are the prime factors of o?
11
Suppose 4*x = 2*o - 44, 4*x = o - 5*o - 44. Let f = x + 5. What are the prime factors of (16/f)/((-1)/3)?
2
Let q(d) = d - 2. Let o be q(4). Suppose -o*b - 90 = -7*b. What are the prime factors of b?
2, 3
Let l(m) = m + 2. Let w be l(7). Suppose 5*t - w = 11. List the prime factors of t.
2
Let x = 33 + 21. List the prime factors of x.
2, 3
Let o(n) = 2 - 6 + 2*n**2 + 0 - 5*n. What are the prime factors of o(4)?
2
Suppose -2*m - y - 2 = -m, -2*m - 4*y - 14 = 0. Let x = 2 + m. List the prime factors of x.
5
Let l(p) = p**2 + 6*p - 5. Let s be l(-6). Let k = -13 - s. List the prime factors of 12/k*4/(-3).
2
Let w be (9/(-6))/((-3)/8). Suppose -w*t + 9 = -t. Suppose -y + 10 = -t*p, -4*y - 4*p + 40 = -5*p. What are the prime factors of y?
2, 5
Let g be (-1)/(12/8)*-18. Let u = 15 - g. What are the prime factors of u?
3
Let z = 61 + -28. What are the prime factors of z?
3, 11
Let o = 21 + -10. Suppose -3*m = -2*m + p - o, 4*m - 44 = 3*p. What are the prime factors of m?
11
Suppose -3*p - n + 86 = 0, 2*p - 13 = 5*n + 16. List the prime factors of p.
3
Let a = 8 - 10. Let c(f) = f - f + 3 + 4*f + 6*f**2. List the prime factors of c(a).
19
Suppose 3*f - 2 - 7 = 0. Suppose -3*l + f*o + 54 = o, -4*l - 2*o + 72 = 0. List the prime factors of l.
2, 3
Suppose -j - 64 = c - 4*c, 2*c + 3*j = 28. Suppose 0*x = -5*x. Suppose x = o + 4*o - c. What are the prime factors of o?
2
Suppose 0*p + 240 = -p. List the prime factors of ((-3)/2)/(18/p).
2, 5
Let w(i) be the third derivative of -i**4/24 + i**3/3 + 3*i**2. Let n be w(0). Suppose 2*p - 2 - n = 0. List the prime factors of p.
2
Suppose 4*b - 6*b = -44. Suppose -2*p + 33 = -p + 5*n, b = 2*p - n. List the prime factors of p.
13
Let g(m) = -m + 11. Let u be 33/7 + 8/28. Let h be g(u). Suppose -2 = -d + h. List the prime factors of d.
2
Let a(o) = -o - 5. Let k be a(-6). Let f = 9 - 5. Let l = k + f. List the prime factors of l.
5
Suppose -z = -2*m + 6, z = 3*z + 3*m - 16. Let l(w) = 4*w**3 + w**2 - w + 2. Let r be l(z). Suppose 0*g + 4*g - r = 0. List the prime factors of g.
3
Let n(u) = -u**3 + 7*u**2 - 2*u + 6. What are the prime factors of n(6)?
2, 3, 5
What are the prime factors of ((-39)/(-26))/((-2)/(-36))?
3
Let y(k) = -k**3 - 6*k**2 + 2*k - 7. Let l be y(-6). Let r = l + 39. List the prime factors of r.
2, 5
Suppose 4 + 5 = 2*h + b, 4*h - 33 = 3*b. Let i = 10 - h. Suppose 0 = 4*u + 4*a + i, a = u - a - 11. List the prime factors of u.
3
Let d be (15/(-20))/((-1)/8). What are the prime factors of (2 - -1)*28/d?
2, 7
Let t = -6 + 7. What are the prime factors of ((-1)/t)/2*-26?
13
Let u(d) = -d - d - 8*d - 1. Let i(q) = 2*q**3 + 1. Let w be i(-1). What are the prime factors of u(w)?
3
Let q = -13 - -18. Suppose 3*w - 5 = 2*l, q*w - 25 = -5*l - 0*w. Suppose l - 21 = -y. What are the prime factors of y?
19
Suppose -2*u - 2*z = 14, 4*u + u + 30 = -4*z. What are the prime factors of 35/(-1)*(u + 1)?
5, 7
Suppose k - 17 - 68 = 0. Suppose -3*c + k = 2*c. List the prime factors of c.
17
Suppose 2*o = o. What are the prime factors of o*1/(-4) - -18?
2, 3
What are the prime factors of -9 + 10 + (0 - -19)?
2, 5
Let d(x) = -7*x**2 + 11*x + 2. Let r(h) = -15*h**2 + 23*h + 5. Let v(z) = 13*d(z) - 6*r(z). Let m be v(3). List the prime factors of (-6)/4*(m - 6).
2, 3
Suppose -2 = v - 3*u - u, u = -3*v + 59. Let h = 31 - v. List the prime factors of h.
13
Let a(z) be the third derivative of -z**4/12 + 2*z**3/3 + z**2. Let o be a(3). Let x = o - -7. List 